7, what is 1 - 20?
-16
In base 11, what is 4 + 769?
772
In base 3, what is 11 + -11020220?
-11020202
In base 16, what is 4a - -9?
53
In base 15, what is -2 - -a6?
a4
In base 13, what is -135 - -1?
-134
In base 7, what is 1 - -26345?
26346
In base 16, what is -2 + -686?
-688
In base 10, what is 5 + -14?
-9
In base 12, what is -5 - 7a?
-83
In base 11, what is -18 + -25?
-42
In base 6, what is 20 - -4455?
4515
In base 6, what is 1512 + 2?
1514
In base 6, what is 322 - -5?
331
In base 15, what is -22b - 0?
-22b
In base 10, what is -213 + 20?
-193
In base 5, what is 1332 + 0?
1332
In base 5, what is -341 + -10?
-401
In base 2, what is 1011111 + 101101?
10001100
In base 5, what is 312 + -113?
144
In base 11, what is 7 - -6?
12
In base 4, what is 1012 + 1102?
2120
In base 6, what is 0 + -30?
-30
In base 13, what is -4 + -30?
-34
In base 11, what is -2 - -46?
44
In base 12, what is 28 + -252?
-226
In base 4, what is 0 - 331?
-331
In base 6, what is -5 + 2021?
2012
In base 3, what is -112111 + 10?
-112101
In base 4, what is -3201 - 322?
-10123
In base 14, what is -1c95 + 3?
-1c92
In base 14, what is 2 - -142?
144
In base 10, what is -60 + -19?
-79
In base 16, what is a7b - 3?
a78
In base 7, what is 1143 + 0?
1143
In base 2, what is 101 + 11010?
11111
In base 2, what is -1 - -110000?
101111
In base 6, what is 240 - -543?
1223
In base 3, what is -21 - 1122?
-1220
In base 13, what is 3 + 53?
56
In base 2, what is 101 - 100101?
-100000
In base 7, what is -4 + 101?
64
In base 14, what is -2 + -c?
-10
In base 5, what is 10 + 2421?
2431
In base 2, what is 100 - -101001101111?
101001110011
In base 10, what is 267 - 3?
264
In base 13, what is a - -5?
12
In base 7, what is 50434 - 0?
50434
In base 7, what is -14 + -2163?
-2210
In base 7, what is 40 + -53?
-13
In base 3, what is 1 + 210211?
210212
In base 8, what is -515 - -4?
-511
In base 9, what is 22 - 1?
21
In base 14, what is 0 - a6?
-a6
In base 2, what is -1 + -1100?
-1101
In base 12, what is 3 - -18?
1b
In base 6, what is 14 + 21?
35
In base 2, what is -101 - -1010001?
1001100
In base 13, what is 4b - 30?
1b
In base 9, what is 845 + -4?
841
In base 4, what is -3230 - -11?
-3213
In base 13, what is 2 + 42a?
42c
In base 5, what is 0 - -1423?
1423
In base 10, what is -362 + -15?
-377
In base 3, what is 10200 + -1120?
2010
In base 8, what is 7 - -26?
35
In base 9, what is -6 + -125?
-132
In base 3, what is -11 - -21010?
20222
In base 3, what is -12100 + -1?
-12101
In base 14, what is -21cb - -3?
-21c8
In base 5, what is 11 + -4?
2
In base 2, what is -10 - -1111001?
1110111
In base 11, what is -16 - -33?
18
In base 10, what is -13 - -675?
662
In base 2, what is 100 + 1101010?
1101110
In base 5, what is -14013 - 4?
-14022
In base 15, what is 47 + 11?
58
In base 9, what is 4674 + -3?
4671
In base 14, what is -17b8 + -4?
-17bc
In base 10, what is -48 + -40?
-88
In base 7, what is 32 + 513?
545
In base 5, what is 441 - -30?
1021
In base 10, what is -1 - 3079?
-3080
In base 3, what is -2 + -1100?
-1102
In base 10, what is -2835 - -5?
-2830
In base 11, what is -349 + -5?
-353
In base 2, what is 11110001 + 11011?
100001100
In base 4, what is 2003 + -20?
1323
In base 2, what is 10000 - -101?
10101
In base 13, what is 1 + -155?
-154
In base 4, what is -20 + -100202?
-100222
In base 11, what is 5 - 407?
-402
In base 11, what is -816 - -2?
-814
In base 4, what is -10201 + 23?
-10112
In base 11, what is 2 + -669?
-667
In base 12, what is -1a - -6?
-14
In base 8, what is -550 + 5?
-543
In base 8, what is 456 - -3?
461
In base 4, what is -2 - -22322?
22320
In base 3, what is 12120 + -2?
12111
In base 15, what is 3b - 64?
-28
In base 11, what is -8 + -5?
-12
In base 10, what is 3 + 178?
181
In base 13, what is -34c + -6?
-355
In base 10, what is 13 + -654?
-641
In base 4, what is 2 - -1012?
1020
In base 2, what is 110010101 - -11?
110011000
In base 12, what is -74 + -2?
-76
In base 9, what is 2 - -133?
135
In base 4, what is 23 - 1202?
-1113
In base 6, what is -2 - 251?
-253
In base 16, what is 16bc + -1?
16bb
In base 11, what is 8 + 4a8?
505
In base 9, what is 5 - 1802?
-1786
In base 3, what is -12 + -1220?
-2002
In base 16, what is -13e9 - -2?
-13e7
In base 12, what is 5 - 0?
5
In base 4, what is -100 + -12331?
-13031
In base 4, what is -31101 - -1?
-31100
In base 3, what is 22010 - 101?
21202
In base 16, what is 3a + -3d?
-3
In base 6, what is -1245 - -25?
-1220
In base 13, what is 4 + 53?
57
In base 6, what is 5 + 1333?
1342
In base 14, what is 15 + -167?
-152
In base 6, what is 1231 + -1?
1230
In base 6, what is 5 - -15?
24
In base 15, what is -d - 2e7?
-305
In base 13, what is bcb - -2?
c00
In base 13, what is -4a02 + 2?
-4a00
In base 2, what is 11100 - 111001011?
-110101111
In base 10, what is 5784 + -2?
5782
In base 9, what is -218 + -3?
-222
In base 4, what is -1001 - -12?
-323
In base 8, what is -2 + 223?
221
In base 7, what is -304 - -1?
-303
In base 14, what is 28 + -16?
12
In base 15, what is -82 + 5?
-7c
In base 13, what is 0 - 170?
-170
In base 11, what is 57a0 + 5?
57a5
In base 8, what is 37016 + 3?
37021
In base 10, what is -863 + 1?
-862
In base 7, what is 1 + -12354?
-12353
In base 6, what is 5 + 23554?
24003
In base 4, what is -210 + 100?
-110
In base 7, what is -3 - -1401?
1365
In base 15, what is 3ad + -3?
3aa
In base 2, what is -101 - -1010100110?
1010100001
In base 14, what is 14b + -3?
148
In base 11, what is 36 - -6?
41
In base 13, what is 825 + 1?
826
In base 5, what is -413311 - -1?
-413310
In base 16, what is 1 + -5ea?
-5e9
In base 2, what is -10 - 101001001?
-101001011
In base 5, what is 13 - 2114?
-2101
In base 15, what is 126 + -2?
124
In base 15, what is 3 - 622?
-61e
In base 16, what is -2 - -19e5?
19e3
In base 2, what is -10 + 1010010?
1010000
In base 2, what is 1111001001111 - 101?
1111001001010
In base 9, what is -180 + -111?
-301
In base 10, what is -41 - -3?
-38
In base 9, what is 164 - -412?
576
In base 8, what is -5 - -73?
66
In base 3, what is 122222 - 11?
122211
In base 14, what is 2 + -28?
-26
In base 11, what is 0 - -34a?
34a
In base 12, what is -23110 - -1?
-2310b
In base 6, what is -315 - 15?
-334
In base 12, what is -5 - 60?
-65
In base 12, what is 453 - -1?
454
In base 13, what is 56a + 5?
572
In base 2, what is 0 + -111110?
-111110
In base 9, what is -1552 - -8?
-1543
In base 14, what is -a + 13?
7
In base 6, what is -3200 - 2?
-3202
In base 13, what is 7 - -47?
51
In base 7, what is 3 - -32?
35
In base 15, what is 5d + 5?
63
In base 3, what is 11 + -12100?
-12012
In base 7, what is 1 + 531?
532
In base 4, what is -323320 - 3?
-323323
In base 11, what is 375 - 1?
374
In base 6, what is -1 - -124?
123
In base 14, what is 42d + 3?
432
In base 9, what is 4 + 4070?
4074
In base 5, what is 0 + 21?
21
In base 10, what is -6 - -30?
24
In base 3, what is -20112 + -121?
-21010
In base 16, what is -4 + -1ee?
-1f2
In base 5, what is -1414333 - 3?
-1414341
In base 11, what is -372 + 1?
-371
In base 7, what is 100 - 251?
-151
In base 5, what is 121 + 4?
130
In base 5, what is -2 + -24?
-31
In base 11, what is -7 + -55?
-61
In base 7, what is -4 - -132?
125
In base 8, what is 0 - 131?
-131
In base 8, what is 2065 - -7?
2074
In base 16, what is 11 - -463?
474
In base 3, what is 22 + 2100222?
2101021
In base 4, what is -10231 + -11?
-10302
In base 6, what is -5 + 2110?
2101
In base 6, what is -152 + 53?
-55
In base 12, what is -5 - 43a?
-443
In base 9, what is 2510 + 0?
2510
In base 12, what is -207 + -5?
-210
In base 13, what is -4 + -b9?
-c0
In base 8, what is -2511 + 1?
-2510
In base 3, what is -212102 + 12?
-212020
In base 3, what is -112 + 202?
20
In base 3, what is -12020 + 12?
-12001
In base 15, what is -24 - -48?
24
In base 9, what is 22 - -20?
42
In base 13, what is 5 - 1?
4
In base 2, what is 10100 + 10001011?
10011111
In base 6, what is 104 + 552?
1100
In base 6, what is 1 + 21?
22
In base 2, what is 101010110000 - 100?
101010101100
In base 13, what is -5 - 5?
-a
In base 2, what is 100011011101 - -10?
100011011111
In base 2, what is 1011 + 10011010001?
10011011100
In base 15, what is 41e - 17?
407
In base 6, what is -35 + -51?
-130
In base 12, what is -155 + 4?
-151
In base 14, what is 4 + 712?
716
In base 4, what is -2133 + -11?
-2210
In base 12, what is 39a3 - 5?
399a
In bas